 23*k = 24*k - v. Suppose -240 = -0*r - k*r. What are the prime factors of r?
2, 3
Let x = -7 + 19. Let s be 3/x - 838*(-2)/16. Suppose 0 = -4*a + 347 + s. What are the prime factors of a?
113
Suppose -2*h + 131*x - 139*x = -25452, 38178 = 3*h - 2*x. What are the prime factors of h?
2, 3, 7, 101
Suppose 2*l + 3*z = 56, 0 = 4*l - 5*z + z - 72. Suppose 3*o = -u + l, 7*o = -u + 2*o + 20. What are the prime factors of u?
5
Let g(n) = 13*n**2 + 130*n - 187. What are the prime factors of g(13)?
2, 5, 37
Suppose 9*u - 2*u = -210. Let o = u + 34. Suppose -4*l + 188 = o*m, m - 200 = -5*l + 3*m. List the prime factors of l.
2, 3, 7
Suppose -3*v = -4*v + 18. Let i be -235*(v/(-14) + 22/77). Suppose i + 50 = 3*n. What are the prime factors of n?
5, 19
Suppose 24*d = 4*i + 16*d - 9048, -4*i - 2*d + 9088 = 0. List the prime factors of i.
2, 5, 227
Let t = 143 + 3821. List the prime factors of t.
2, 991
Let j be -1 - (28/210 + 62/(-15)). Suppose -177 = -y + j*q + 11, 2*q = 10. What are the prime factors of y?
7, 29
Suppose 10*d - 33 + 23 = 0. Let s(h) = 199*h + 4. What are the prime factors of s(d)?
7, 29
Suppose -6*a + 136332 = -l, -12*l = -2*a - 15*l + 45424. What are the prime factors of a?
22721
Suppose 3*n + 2*h - 1 = 8, 2*n - 6 = -h. Suppose 0 = -3*i - 3*o + 33, -2*o = n*i - 31 - 0. Suppose -i*a = -0*a - 1260. What are the prime factors of a?
2, 5, 7
Let s = 22618 - 6198. List the prime factors of s.
2, 5, 821
What are the prime factors of 520236/(-72)*(-12)/9 - 3?
9631
Suppose 0 = 170*x - 48*x - 5228676. What are the prime factors of x?
2, 3, 2381
Suppose 2*n = 2*z + 18, n - 15 - 20 = 3*z. Let g(c) = -24*c + 5. What are the prime factors of g(z)?
317
Let p be -1 - ((-7 - 3) + 6). Let g be (2/(-4))/(1/(-288)). Suppose -5*d - p*d = -g. List the prime factors of d.
2, 3
What are the prime factors of ((-2)/6*1)/(3 + (-3028200)/1009395)?
3, 7477
Suppose -5*w = 2*w. Suppose w = d - 23 + 21. Suppose d*m - 169 - 17 = 0. What are the prime factors of m?
3, 31
Suppose 0 = -16*c + 13*c + 333. Let g be (9/(-6) + 2)*6. Suppose -z - 2*f = 4*z - 268, -c = -2*z + g*f. What are the prime factors of z?
2, 3
Let o be 127/381 + (-1229)/(-3). Let i(u) = 2*u**2 + 3*u - 9. Let t be i(7). Let n = o - t. List the prime factors of n.
2, 3, 5
Suppose 340 = -4*d + 76. Let r = 167 + d. List the prime factors of r.
101
Suppose 2*l - 101 - 9 = 4*h, -4*l - 3*h = -187. Suppose q - 3*q = 16. Let v = l - q. What are the prime factors of v?
3, 19
Suppose 4*v - 16 = -0*v. Let b be 37/(2*v/(-16)). Let s = 129 + b. List the prime factors of s.
5, 11
Suppose 0 = -f - q + 1140, 3*f + q + 4*q - 3412 = 0. What are the prime factors of f?
2, 11, 13
Let l(n) = 375*n**2 - 48*n - 122. List the prime factors of l(-4).
2, 5, 607
Suppose -2*o = 10 - 34. Let d = -1 + o. Suppose -d*w = -12*w + 6. What are the prime factors of w?
2, 3
Let v(s) = -2*s**2 + 30*s - 20. Let u be v(13). Let c = u + 286. List the prime factors of c.
2, 3, 53
Suppose -3*a = 4*c - 10 + 2, c - 20 = -3*a. Suppose 3*g = -a*g + 7942. List the prime factors of g.
2, 19
Suppose 2*s + 0*s = -j + 18, 2*j + 2*s - 26 = 0. Let a(d) = -d**2 + 23*d - 4. List the prime factors of a(j).
2, 29
Let d = -2207 - -2699. List the prime factors of d.
2, 3, 41
Suppose -23 = 4*i + 5*q - 3, -i + q + 4 = 0. Let s(v) = 19 + 232*v - 233*v + v**2 - 3*v**2 + 45 + 3*v**2. List the prime factors of s(i).
2
Let t(p) = 3*p**2 + 5*p - 13. Let n be t(4). Let x be -6 + 8/4 + n. What are the prime factors of 8/10*x + (-6)/(-30)?
41
List the prime factors of ((-5511)/(-99))/((-6)/(-8)*(-14)/(-1323)).
2, 3, 7, 167
List the prime factors of (-19 - -23)*((-3)/((-18)/(-50181)))/(-1).
2, 43, 389
Let j(m) = m**3 + 59*m**2 + 207*m + 70. What are the prime factors of j(-50)?
2, 5, 13, 47
Suppose 23*t = -3*t + 25272. Suppose 0 = 7*u - t - 1408. List the prime factors of u.
2, 5, 17
Suppose -a + 13*a - 22099 = 74309. What are the prime factors of a?
2, 3, 13, 103
Let j(q) = 108*q**2 - 32*q + 258. What are the prime factors of j(-13)?
2, 9463
Let t be -2*6/(-3)*(-5)/(-5). Suppose 0*v + o - 9 = -3*v, 3*o + 12 = t*v. Suppose -v*c - 725 = -8*c. What are the prime factors of c?
5, 29
Let p = -973 - -3454. What are the prime factors of 10/40 + p/12?
3, 23
Suppose 8901 = 5617*k - 5608*k. List the prime factors of k.
23, 43
Let o(i) = i**3 - i**2 - 2*i - 12. Let g be o(3). Suppose 8*c - 2370 = -5*v + 5*c, g = -5*v + 3*c + 2400. List the prime factors of v.
3, 53
Let w = -216 - -202. What are the prime factors of (-5 - 49/w) + 12333/6?
2, 13, 79
Let a(i) = i**3 - 5*i**2 - 3*i + 1. Let h(t) = 6*t**2 + 2*t - 1. Let r(k) = 4*a(k) + 3*h(k). What are the prime factors of r(4)?
3, 67
Let l(z) = -297*z - 24. Let i(d) = -59*d - 5. Let r(s) = -s**2 - 4*s - 11. Let m be r(-4). Let n(a) = m*i(a) + 2*l(a). What are the prime factors of n(3)?
2, 43
Suppose 4 - 18 = -5*m - r, -3*m - 4*r + 22 = 0. Suppose -m*t = t + 3*c - 1206, 0 = 4*t - 2*c - 1620. List the prime factors of 12/42 - (t/(-7) - 0).
2, 29
Let v = -5767 + 5796. Suppose 5*w + 3*g = 45, 4*w - w - 43 = -5*g. Suppose -w = -l + v. List the prime factors of l.
5, 7
Let z be 114/(-14) + (-3)/(-21). Let m(d) be the third derivative of -11*d**4/8 - 25*d**3/6 + 8*d**2 - 20. List the prime factors of m(z).
239
Suppose 3*a - 1390 = -5*l, -l - 4*l + 3*a = -1360. Suppose -6*n = -3683 + l. What are the prime factors of n?
2, 71
Let u(a) = -2*a + 37. Let k be (-3 - -15)/((-1)/8*-6). Let f be u(k). Suppose f*m - 109 = -4*n, 3*n = -6*m + 9*m - 60. What are the prime factors of m?
3, 7
Suppose -4*q + 41 = 2*t - 53, 4*t = -2*q + 206. Suppose -41*m + t*m - 3180 = 0. What are the prime factors of m?
5, 53
Let l(u) = -3347*u**3 + 7*u**2 - 7*u - 29. List the prime factors of l(-2).
7, 43, 89
Let n be (-378)/(-22) - ((-42)/11 + 4). Let j = n + -72. List the prime factors of ((-1331)/j)/(1/5).
11
Let u be ((-2)/(-3))/((-16)/120). Let n be (16/u + 4)*-70. Let j = 86 + n. What are the prime factors of j?
2, 3, 5
Suppose -11 = -2*a - 3. Suppose a*b + h + 1077 = 9*b, 2*b - 423 = 3*h. Suppose -4*z = -z - b. What are the prime factors of z?
2, 3
Let i = -491 - -6258. List the prime factors of i.
73, 79
Let u(r) = 5*r**2 - 215*r - 7470. What are the prime factors of u(-30)?
2, 3, 5, 29
Let m(q) = 13*q**3 - 5*q**2 - 2*q + 25. Let g be m(4). Let d = g + 101. List the prime factors of d.
2, 3, 5, 29
Let b = -1880 + 583. Let u = -903 - b. What are the prime factors of u?
2, 197
List the prime factors of (314/(-12))/((-123)/67158).
7, 13, 157
Suppose -16 = -6*x - 112. Let j(l) = -4*l + 26. Let n be j(x). Let d = 189 - n. List the prime factors of d.
3, 11
Let v = -30834 - -45501. What are the prime factors of v?
3, 4889
Let h(o) = -13141*o - 50. List the prime factors of h(-1).
13, 19, 53
Suppose u - 2*u = -3*f + 148, 2*f - 4*u = 92. Let z be ((-9)/(135/30))/((-2)/83). Let k = z - f. List the prime factors of k.
3, 11
Let m = -168 - -330. Let a = m + -66. What are the prime factors of a?
2, 3
Let d(h) = 3*h + 94. Let j be d(-30). Suppose -8*v + 6*v = -j*u + 66, 0 = -2*v + 6. List the prime factors of u.
2, 3
Let n be 570/45*3/2. Let y = n - 19. Suppose 6*g - 1867 + 457 = y. List the prime factors of g.
5, 47
Suppose 3*a - 388 = 4*u + 36, 0 = -3*a - 5*u + 415. Let l = -86 + a. List the prime factors of l.
2, 3
Let s = 745 - 227. Let j = 1013 - s. List the prime factors of j.
3, 5, 11
Suppose 52*v - 19*v - 165 = 0. Suppose 0 = k - 1, -v*s - 5*k + 2103 + 2847 = 0. List the prime factors of s.
23, 43
Let p = -975 + 4104. List the prime factors of p.
3, 7, 149
Suppose -33*n + 18 = -39*n. What are the prime factors of 302 + -5 + 2 + 5 + n?
7, 43
Suppose n + 2*n + 9 = -3*g, -5*n + 3*g = -25. Suppose -156 = -n*m - 4*a, -66 - 90 = -2*m + 2*a. Let x = -61 + m. What are the prime factors of x?
17
Let p be 2*3295/10 - -4. List the prime factors of p/2*(-1)/((-12)/8).
13, 17
Let t(y) be the second derivative of y**4/12 + y**3/3 + y**2/2 + 2*y. Let u be t(-4). Let k(j) = j**2 - 3*j - 7. List the prime factors of k(u).
47
Let u = -2006 + 17012. What are the prime factors of u?
2, 3, 41, 61
Suppose -11*q + 14*q = 18. Suppose q*m = 423 + 525. What are the prime factors of m?
2, 79
Suppose 11*d - 703 = 419. Suppose -4*y - 10*l + d = -8*l, -l + 77 = 3*y. What are the prime factors of y?
